{"id":803,"date":"2015-12-16T23:45:51","date_gmt":"2015-12-16T23:45:51","guid":{"rendered":"http:\/\/kmvertical.camadeira.com\/?page_id=803"},"modified":"2021-07-08T12:07:04","modified_gmt":"2021-07-08T12:07:04","slug":"803-2","status":"publish","type":"page","link":"https:\/\/kmvertical.camadeira.com\/?page_id=803","title":{"rendered":"Sistema Sportident"},"content":{"rendered":"<p>O Sportident \u00e9 um sistema electr\u00f3nico de controlo de provas em que os atletas s\u00e3o portadores de um chip denominado de SI-Card, ao qual est\u00e1 atribu\u00eddo um n\u00famero de s\u00e9rie. Neste chip ser\u00e1 armazenada a informa\u00e7\u00e3o de controlo de cada ponto de passagem durante um percurso.<\/p>\n<p>O atleta dever\u00e1 colocar o chip num dos dedos ou transport\u00e1-lo num local seguro onde tenha acesso f\u00e1cil. A perda do chip implica&nbsp;aus\u00eancia de cronometragem e pode, por consequ\u00eancia originar a&nbsp;desclassifica\u00e7\u00e3o.<\/p>\n<p><a href=\"http:\/\/kmvertical.camadeira.com\/wp-content\/uploads\/2015\/12\/si_card.jpg\"><img loading=\"lazy\" decoding=\"async\" class=\"size-full wp-image-804 alignleft\" src=\"http:\/\/kmvertical.camadeira.com\/wp-content\/uploads\/2015\/12\/si_card.jpg\" alt=\"si_card\" width=\"211\" height=\"165\"><img loading=\"lazy\" decoding=\"async\" class=\"size-full wp-image-805 aligncenter\" src=\"http:\/\/kmvertical.camadeira.com\/wp-content\/uploads\/2015\/12\/station.jpg\" alt=\"station\" width=\"200\" height=\"150\"><\/a><\/p>\n<p>&nbsp;<\/p>\n<p>SI Card Esta\u00e7\u00e3o &nbsp; &nbsp; &nbsp; &nbsp; &nbsp; &nbsp; &nbsp; &nbsp; &nbsp; &nbsp; &nbsp; &nbsp; &nbsp; &nbsp; &nbsp; &nbsp; &nbsp; &nbsp; &nbsp; &nbsp; &nbsp; &nbsp; &nbsp; &nbsp; &nbsp; &nbsp; &nbsp; &nbsp; &nbsp; &nbsp; &nbsp; &nbsp; &nbsp; &nbsp; &nbsp; &nbsp; &nbsp; &nbsp; &nbsp; &nbsp; &nbsp; &nbsp; &nbsp; &nbsp; &nbsp; &nbsp; &nbsp; SI Esta\u00e7\u00e3o<\/p>\n<p>Nos postos de controlo, na parte superior, existe uma esta\u00e7\u00e3o de forma quadrangular que cont\u00e9m um orif\u00edcio onde o atleta dever\u00e1 introduzir o seu SI-Card de forma a controlar. A confirma\u00e7\u00e3o de controlo \u00e9 indicada por um sinal luminoso em simult\u00e2neo com um sinal sonoro.<\/p>\n<p>Para finalizar a sua prova o atleta ter\u00e1 de introduzir o SI-Card na esta\u00e7\u00e3o FINISH que est\u00e1 situada na linha de chegada. \u00c9 nesta esta\u00e7\u00e3o que o atleta termina a cronometragem da sua prova. De seguida \u00e9 obrigat\u00f3rio descarregar a informa\u00e7\u00e3o para o computador da organiza\u00e7\u00e3o introduzindo o SI-Card na esta\u00e7\u00e3o MASTER at\u00e9 obter a confirma\u00e7\u00e3o pelo sinal sonoro e\/ou luminoso. Esta esta\u00e7\u00e3o estar\u00e1 em local devidamente indicado pela organiza\u00e7\u00e3o a partir da linha de chegada.<\/p>\n","protected":false},"excerpt":{"rendered":"<p>O Sportident \u00e9 um sistema electr\u00f3nico de controlo de provas em que os atletas s\u00e3o portadores de um chip denominado de SI-Card, ao qual est\u00e1 atribu\u00eddo um n\u00famero de s\u00e9rie. Neste chip ser\u00e1 armazenada a informa\u00e7\u00e3o de controlo de cada ponto de passagem durante um percurso. O atleta dever\u00e1 colocar o chip num dos dedos &hellip; <\/p>\n<p><a class=\"more-link btn\" href=\"https:\/\/kmvertical.camadeira.com\/?page_id=803\">Continue reading<\/a><\/p>\n","protected":false},"author":1,"featured_media":0,"parent":0,"menu_order":7,"comment_status":"closed","ping_status":"closed","template":"","meta":{"footnotes":""},"class_list":["post-803","page","type-page","status-publish","hentry","nodate","item-wrap"],"_links":{"self":[{"href":"https:\/\/kmvertical.camadeira.com\/index.php?rest_route=\/wp\/v2\/pages\/803","targetHints":{"allow":["GET"]}}],"collection":[{"href":"https:\/\/kmvertical.camadeira.com\/index.php?rest_route=\/wp\/v2\/pages"}],"about":[{"href":"https:\/\/kmvertical.camadeira.com\/index.php?rest_route=\/wp\/v2\/types\/page"}],"author":[{"embeddable":true,"href":"https:\/\/kmvertical.camadeira.com\/index.php?rest_route=\/wp\/v2\/users\/1"}],"replies":[{"embeddable":true,"href":"https:\/\/kmvertical.camadeira.com\/index.php?rest_route=%2Fwp%2Fv2%2Fcomments&post=803"}],"version-history":[{"count":4,"href":"https:\/\/kmvertical.camadeira.com\/index.php?rest_route=\/wp\/v2\/pages\/803\/revisions"}],"predecessor-version":[{"id":1282,"href":"https:\/\/kmvertical.camadeira.com\/index.php?rest_route=\/wp\/v2\/pages\/803\/revisions\/1282"}],"wp:attachment":[{"href":"https:\/\/kmvertical.camadeira.com\/index.php?rest_route=%2Fwp%2Fv2%2Fmedia&parent=803"}],"curies":[{"name":"wp","href":"https:\/\/api.w.org\/{rel}","templated":true}]}}