{"id":2383,"date":"2025-09-06T00:57:19","date_gmt":"2025-09-06T00:57:19","guid":{"rendered":"https:\/\/kmvertical.camadeira.com\/?page_id=2383"},"modified":"2025-09-06T00:57:27","modified_gmt":"2025-09-06T00:57:27","slug":"informacoes-importantes","status":"publish","type":"page","link":"https:\/\/kmvertical.camadeira.com\/?page_id=2383","title":{"rendered":"Informa\u00e7\u00f5es Importantes"},"content":{"rendered":"<h4>Informa\u00e7\u00f5es e Avisos \u2013 Ribeira Brava Vertical Race<\/h4>\n<div>\n<div>Agradecemos a vossa aten\u00e7\u00e3o para as informa\u00e7\u00f5es dispon\u00edveis no site do evento em:\u00a0<a href=\"https:\/\/kmvertical.camadeira.com\/\" target=\"_blank\" rel=\"noopener\" data-saferedirecturl=\"https:\/\/www.google.com\/url?q=https:\/\/kmvertical.camadeira.com\/&amp;source=gmail&amp;ust=1757077277869000&amp;usg=AOvVaw2HVbaRk-oqBdVke0qsMoto\">https:\/\/kmvertical.<wbr \/>camadeira.com\/<\/a>\u00a0qualquer atualiza\u00e7\u00e3o \/ aviso ser\u00e1 publicado no site.<\/div>\n<div><\/div>\n<div>Salienta-se os seguintes aspetos para os quais solicitamos a vossa aten\u00e7\u00e3o:<\/div>\n<\/div>\n<div><\/div>\n<div>\n<div><strong>PEITORAIS<\/strong><\/div>\n<div>Entrega antecipada de peitorais aos interessados \u2013\u00a0<b>Sexta-feira \u2013\u00a05 setembro 2025<\/b>\u00a0\u2013 Das\u00a0<strong>16h30 \u00e0s 19h30<\/strong>\u00a0 &#8211;\u00a0LOCAL &#8211; \u00a0Loja OutdooRun Shop \u00a0\u2013 Rua 31 de Janeiro 100, 9050-401 Funchal &#8211;\u00a0<a href=\"https:\/\/maps.app.goo.gl\/NC1aSEQgxNGmaVDA6\" target=\"_blank\" rel=\"noopener\" data-saferedirecturl=\"https:\/\/www.google.com\/url?q=https:\/\/maps.app.goo.gl\/NC1aSEQgxNGmaVDA6&amp;source=gmail&amp;ust=1757077277869000&amp;usg=AOvVaw1yzNSdhQQlJUwynFrpI0ss\">https:\/\/maps.app.goo.gl\/<wbr \/>NC1aSEQgxNGmaVDA6<\/a><\/div>\n<div><\/div>\n<div><strong>O peitoral pode ainda ser levantado no dia da prova, no Secretariado<\/strong>,\u00a0<strong>no Centro Desportivo da Madeira,<\/strong>\u00a0chegando antecipadamente. Localiza\u00e7\u00e3o no Googlemaps &#8211;\u00a0<a href=\"https:\/\/maps.app.goo.gl\/DgLfquUVCV3SpdhP9\" target=\"_blank\" rel=\"noopener\" data-saferedirecturl=\"https:\/\/www.google.com\/url?q=https:\/\/maps.app.goo.gl\/DgLfquUVCV3SpdhP9&amp;source=gmail&amp;ust=1757077277869000&amp;usg=AOvVaw1mXh4LHnUtVlt9S465Gd9t\">https:\/\/maps.app.goo.gl\/<wbr \/>DgLfquUVCV3SpdhP9<\/a><\/div>\n<div><\/div>\n<div><u>Aten\u00e7\u00e3o:\u00a0os inscritos n\u00e3o federados\u00a0s\u00f3 podem participar mediante a entrega do termo de responsabilidade devidamente assinado.\u00a0<\/u><\/div>\n<\/div>\n<div><u>\u00a0<\/u><\/div>\n<div>A cronometragem da prova ser\u00e1 feita atrav\u00e9s de chips inseridos no peitoral. Para o efeito o peitoral deve ser mantido \u00edntegro antes e durante a prova, n\u00e3o podendo ser dobrado. O peitoral deve ser mantido na zona peitoral\/abdominal durante toda a prova, e na Meta.<\/div>\n<div><\/div>\n<div><strong>ACESSO \u00c0 PROVA<\/strong><\/div>\n<div>O Secretariado e Concentra\u00e7\u00e3o dos participantes \u00e9 no<a href=\"https:\/\/maps.app.goo.gl\/DgLfquUVCV3SpdhP9\" target=\"_blank\" rel=\"noopener\" data-saferedirecturl=\"https:\/\/www.google.com\/url?q=https:\/\/maps.app.goo.gl\/DgLfquUVCV3SpdhP9&amp;source=gmail&amp;ust=1757077277869000&amp;usg=AOvVaw1mXh4LHnUtVlt9S465Gd9t\">\u00a0Centro Desportivo da Madeira, na Ribeira Brava<\/a>. Existe estacionamento pago no Centro Desportivo da Madeira.<\/div>\n<div><\/div>\n<div>\n<div><strong>PARTIDA<\/strong><\/div>\n<div>A\u00a0<u>hora indicada para iniciar as partidas \u00e9 \u00e0s 9h00 para o primeiro participante<\/u>.<\/div>\n<div><\/div>\n<div><strong>O acesso \u00e0 PARTIDA<\/strong>\u00a0deve ser efetuado a p\u00e9,\u00a0<strong>a partir do Centro Desportivo da Madeira<\/strong>,\u00a0<strong>num trajeto sinalizado com cerca de 1km.<\/strong><\/div>\n<div><strong>\u00a0<\/strong><\/div>\n<div>Todos os participantes dever\u00e3o comparecer no m\u00ednimo 20 minutos antes da sua hora de partida no Centro Desportivo da Madeira, para iniciar o trajeto de liga\u00e7\u00e3o \u00e0 partida com aproximadamente 1km.<\/div>\n<div><b>O local de Partida tem um espa\u00e7o restrito e condicionado! Os participantes ou acompanhantes N\u00c3O dever\u00e3o levar viatura ou estacionar nas proximidades.<\/b><\/div>\n<\/div>\n<div><\/div>\n<div><b>MATERIAL OBRIGAT\u00d3RIO<\/b><\/div>\n<div>\u00a0&#8211; Peitoral, fixado na zona abdominal ou peitoral;<\/div>\n<div>&#8211; Elemento de cronometragem, fornecido pela organiza\u00e7\u00e3o incorporado no peitoral<\/div>\n<div>\u00a0&#8211; Vestu\u00e1rio e cal\u00e7ado adequados conforme normas regulamentares da FCMP;<\/div>\n<div>&#8211; Imperme\u00e1vel que, o J\u00fari de Competi\u00e7\u00e3o, observando as condi\u00e7\u00f5es no dia da prova e previs\u00f5es climat\u00e9ricas, poder\u00e1 considerar como material facultativo.<\/div>\n<div><\/div>\n<div><\/div>\n<div><b>PREVIS\u00c3O DE TEMPO<\/b>\u00a0&#8211; IPMA &#8211;\u00a0<a href=\"https:\/\/www.ipma.pt\/pt\/otempo\/prev.localidade.hora\/#Madeira&amp;Bica%20da%20Cana\" target=\"_blank\" rel=\"noopener\" data-saferedirecturl=\"https:\/\/www.google.com\/url?q=https:\/\/www.ipma.pt\/pt\/otempo\/prev.localidade.hora\/%23Madeira%26Bica%2520da%2520Cana&amp;source=gmail&amp;ust=1757077277869000&amp;usg=AOvVaw3MRv-4EaaqNBro3L5G45Sr\">https:\/\/www.ipma.pt\/pt\/<wbr \/>otempo\/prev.localidade.hora\/#<wbr \/>Madeira&amp;Bica%20da%20Cana<\/a><\/div>\n<div><\/div>\n<div>\n<div><a href=\"https:\/\/kmvertical.camadeira.com\/?page_id=1707\" target=\"_blank\" rel=\"noopener\" data-saferedirecturl=\"https:\/\/www.google.com\/url?q=https:\/\/kmvertical.camadeira.com\/?page_id%3D1707&amp;source=gmail&amp;ust=1757077277869000&amp;usg=AOvVaw12UiK_JVK4MVk5zVH9P2Uf\"><strong>PERCURSO \/ DURANTE A PROVA\/SINALIZA\u00c7\u00c3O<\/strong><\/a><\/div>\n<div>O percurso da prova tem 2km de extens\u00e3o e 530m D+, dados aproximados. O itiner\u00e1rio \u00e9 maioritariamente em subida com recurso a degraus, existindo alguns parciais aplanados. Os participantes em ritmos mais lentos devem facilitar a passagem, mantendo a seguran\u00e7a na progress\u00e3o.<\/div>\n<div>O percurso estar\u00e1 sinalizado com fitas de cor vermelha, com setas vermelhas e branco\u00a0 sempre que necess\u00e1rio refor\u00e7ar a informa\u00e7\u00e3o da dire\u00e7\u00e3o a tomar. Os atletas devem estar atentos \u00e0s op\u00e7\u00f5es de itiner\u00e1rio, seguindo as que t\u00eam sinaliza\u00e7\u00e3o. N\u00e3o devem percorrer longos trajetos sem sinaliza\u00e7\u00e3o, mais que 100 metros sem sinaliza\u00e7\u00e3o devem p\u00f4r em causa a op\u00e7\u00e3o tomada.<\/div>\n<div><\/div>\n<\/div>\n<div><u>\u00a0Meios de Progress\u00e3o na Competi\u00e7\u00e3o<\/u><br \/>\nO \u00fanico meio de progress\u00e3o permitido em todo o percurso \u00e9 a desloca\u00e7\u00e3o a p\u00e9, sendo proibido qualquer tipo de ajuda, que n\u00e3o seja o seu f\u00edsico.<strong>\u00a0N\u00e3o \u00e9 permitida\u00a0<\/strong><strong>a utiliza\u00e7\u00e3o de bast\u00f5es de marcha.<\/strong><\/div>\n<div><\/div>\n<div><strong>META<\/strong><\/div>\n<div>Os participantes concluem a sua prova ao passar sobre a linha definida como META, com o seu peitoral fixado na zona peitoral\/abdominal, condi\u00e7\u00e3o essencial para o registo do tempo de prova e apuramento da classifica\u00e7\u00e3o.<\/div>\n<div>Ap\u00f3s cruzar a linha de Meta devem continuar por mais alguns metros, dirigindo-se ao abastecimento.<\/div>\n<div><\/div>\n<div>\n<div>\n<div><strong>ABASTECIMENTO<\/strong><\/div>\n<div>Ap\u00f3s a Meta haver\u00e1 o fornecimento de uma \u00e1gua e uma pe\u00e7a de fruta\/ Barra de Cereais.<\/div>\n<\/div>\n<\/div>\n<div><\/div>\n<div><strong>REGRESSO \u00c0 ZONA DE CONCENTRA\u00c7\u00c3O<\/strong><\/div>\n<div>Ap\u00f3s cruzar a linha de Meta os participantes dever\u00e3o aguardar at\u00e9 que a organiza\u00e7\u00e3o indique a possibilidade de regresso. O itiner\u00e1rio de regresso est\u00e1 sinalizado, coincidindo em parte com itiner\u00e1rio de prova.\u00a0 No regresso dever\u00e3o parar, ceder a passagem em seguran\u00e7a e sem qualquer constrangimento para participantes ainda em prova.<\/div>\n<div><\/div>\n<div>\n<div>\n<div><strong>ENTREGA DE PR\u00c9MIOS<\/strong><\/div>\n<div>Previs\u00e3o 12h00\/12h30, no Centro Desportivo da Madeira.<\/div>\n<\/div>\n<\/div>\n<div>Atribui\u00e7\u00e3o de Pr\u00e9mios classifica\u00e7\u00e3o geral masculina e feminina, escal\u00f5es, equipas. No final da entrega de pr\u00e9mios ser\u00e1 realizado um sorteio de alguns pr\u00e9mios, entre os participantes na prova.<\/div>\n<div>Ap\u00f3s a entrega de pr\u00e9mios haver\u00e1 um momento de comemora\u00e7\u00e3o do 18.\u00ba Anivers\u00e1rio do Centro Desportivo da Madeira.<\/div>\n","protected":false},"excerpt":{"rendered":"<p>Informa\u00e7\u00f5es e Avisos \u2013 Ribeira Brava Vertical Race Agradecemos a vossa aten\u00e7\u00e3o para as informa\u00e7\u00f5es dispon\u00edveis no site do evento em:\u00a0https:\/\/kmvertical.camadeira.com\/\u00a0qualquer atualiza\u00e7\u00e3o \/ aviso ser\u00e1 publicado no site. Salienta-se os seguintes aspetos para os quais solicitamos a vossa aten\u00e7\u00e3o: PEITORAIS Entrega antecipada de peitorais aos interessados \u2013\u00a0Sexta-feira \u2013\u00a05 setembro 2025\u00a0\u2013 Das\u00a016h30 \u00e0s 19h30\u00a0 &#8211;\u00a0LOCAL &#8211; &hellip; <\/p>\n<p><a class=\"more-link btn\" href=\"https:\/\/kmvertical.camadeira.com\/?page_id=2383\">Continue reading<\/a><\/p>\n","protected":false},"author":1,"featured_media":0,"parent":0,"menu_order":0,"comment_status":"closed","ping_status":"closed","template":"","meta":{"footnotes":""},"class_list":["post-2383","page","type-page","status-publish","hentry","nodate","item-wrap"],"_links":{"self":[{"href":"https:\/\/kmvertical.camadeira.com\/index.php?rest_route=\/wp\/v2\/pages\/2383","targetHints":{"allow":["GET"]}}],"collection":[{"href":"https:\/\/kmvertical.camadeira.com\/index.php?rest_route=\/wp\/v2\/pages"}],"about":[{"href":"https:\/\/kmvertical.camadeira.com\/index.php?rest_route=\/wp\/v2\/types\/page"}],"author":[{"embeddable":true,"href":"https:\/\/kmvertical.camadeira.com\/index.php?rest_route=\/wp\/v2\/users\/1"}],"replies":[{"embeddable":true,"href":"https:\/\/kmvertical.camadeira.com\/index.php?rest_route=%2Fwp%2Fv2%2Fcomments&post=2383"}],"version-history":[{"count":1,"href":"https:\/\/kmvertical.camadeira.com\/index.php?rest_route=\/wp\/v2\/pages\/2383\/revisions"}],"predecessor-version":[{"id":2384,"href":"https:\/\/kmvertical.camadeira.com\/index.php?rest_route=\/wp\/v2\/pages\/2383\/revisions\/2384"}],"wp:attachment":[{"href":"https:\/\/kmvertical.camadeira.com\/index.php?rest_route=%2Fwp%2Fv2%2Fmedia&parent=2383"}],"curies":[{"name":"wp","href":"https:\/\/api.w.org\/{rel}","templated":true}]}}