{"id":1858,"date":"2023-09-26T15:07:46","date_gmt":"2023-09-26T15:07:46","guid":{"rendered":"https:\/\/kmvertical.camadeira.com\/?page_id=1858"},"modified":"2023-09-26T15:42:51","modified_gmt":"2023-09-26T15:42:51","slug":"termo-de-responsabilidade-rbvr","status":"publish","type":"page","link":"https:\/\/kmvertical.camadeira.com\/?page_id=1858","title":{"rendered":"Termo de Responsabilidade RBVR"},"content":{"rendered":"<p>Os inscritos, N\u00c3O Federados na modalidade Skyrunning, t\u00eam de entregar um termo de responsabilidade no momento de registo no secretariado, ou ap\u00f3s preencher e assinar, enviar em formato digital para o endere\u00e7o de correio eletr\u00f3nico da organiza\u00e7\u00e3o: camadeira.eventos@gmail.com<\/p>\n<ul>\n<li><strong><a href=\"http:\/\/kmvertical.camadeira.com\/wp-content\/uploads\/2023\/09\/Termo-Responsabilidade-Ribeira-Brava-VR-2023.pdf\" target=\"_blank\" rel=\"noopener\">Termo Responsabilidade Ribeira Brava VR 2023<\/a><\/strong><\/li>\n<\/ul>\n\n\n<p><\/p>\n","protected":false},"excerpt":{"rendered":"<p>Os inscritos, N\u00c3O Federados na modalidade Skyrunning, t\u00eam de entregar um termo de responsabilidade no momento de registo no secretariado, ou ap\u00f3s preencher e assinar, enviar em formato digital para o endere\u00e7o de correio eletr\u00f3nico da organiza\u00e7\u00e3o: camadeira.eventos@gmail.com Termo Responsabilidade Ribeira Brava VR 2023<\/p>\n","protected":false},"author":1,"featured_media":0,"parent":0,"menu_order":0,"comment_status":"closed","ping_status":"closed","template":"","meta":{"footnotes":""},"class_list":["post-1858","page","type-page","status-publish","hentry","nodate","item-wrap"],"_links":{"self":[{"href":"https:\/\/kmvertical.camadeira.com\/index.php?rest_route=\/wp\/v2\/pages\/1858","targetHints":{"allow":["GET"]}}],"collection":[{"href":"https:\/\/kmvertical.camadeira.com\/index.php?rest_route=\/wp\/v2\/pages"}],"about":[{"href":"https:\/\/kmvertical.camadeira.com\/index.php?rest_route=\/wp\/v2\/types\/page"}],"author":[{"embeddable":true,"href":"https:\/\/kmvertical.camadeira.com\/index.php?rest_route=\/wp\/v2\/users\/1"}],"replies":[{"embeddable":true,"href":"https:\/\/kmvertical.camadeira.com\/index.php?rest_route=%2Fwp%2Fv2%2Fcomments&post=1858"}],"version-history":[{"count":3,"href":"https:\/\/kmvertical.camadeira.com\/index.php?rest_route=\/wp\/v2\/pages\/1858\/revisions"}],"predecessor-version":[{"id":1863,"href":"https:\/\/kmvertical.camadeira.com\/index.php?rest_route=\/wp\/v2\/pages\/1858\/revisions\/1863"}],"wp:attachment":[{"href":"https:\/\/kmvertical.camadeira.com\/index.php?rest_route=%2Fwp%2Fv2%2Fmedia&parent=1858"}],"curies":[{"name":"wp","href":"https:\/\/api.w.org\/{rel}","templated":true}]}}